= 2*o + f*g, 0 = -3*o + 3*g - 5*g + 44. Calculate the remainder when 23 is divided by o.
11
Suppose -q = 3*s + 46, -44 = 4*q + 3*s + 113. Let b = -20 - q. What is the remainder when b is divided by 6?
5
Let s = -110 + 133. What is the remainder when s is divided by (-1 - (-5)/(-7))*-7?
11
Suppose 0 = -r - 10 - 6. Let p = 28 + r. What is the remainder when 2*(98/4 + -2) is divided by p?
9
Suppose -75 = -5*o + 175. Let s(l) = l**3 - l**2 - 6*l + 2. Calculate the remainder when o is divided by s(4).
24
Let n be 6/2 + 3 - (2 + 1). Let a(l) = 3*l - 7*l + 2*l**3 + 0*l**3 + 2. What is the remainder when a(n) is divided by 15?
14
Suppose 0 = -3*x + 4*x + 12. What is the remainder when (0 + -1 - x) + 3 is divided by 8?
6
What is the remainder when (-411)/(-6) - 6/12 is divided by 14?
12
Suppose -3*j - 5*g + 6*g + 143 = 0, -5*j - 2*g = -220. Suppose 5*y - 49 = -6*w + 2*w, 12 = -4*y. Calculate the remainder when j is divided by w.
14
Suppose -3*b + 49 = 5*w - 4*w, 98 = 2*w - 4*b. Let s(v) = -8*v + 11. Let d be s(-5). Suppose -3*a + d = -0*a. What is the remainder when w is divided by a?
15
Let u = 57 - 34. Let z = 26 - 14. What is the remainder when (-1)/((-1)/u - 0) is divided by z?
11
Let g(o) = o**2 - 4*o + 3. Let r(v) = v**3 - 6*v**2 + 7*v - 4. Let j be r(5). Calculate the remainder when 44 is divided by g(j).
14
Let q(i) = -6*i**3 - 2*i**2 - i. Let d be q(-1). Suppose 2 = 4*m + 5*l - 71, 2*m - d*l = -1. Calculate the remainder when 45 is divided by m.
9
Calculate the remainder when 109 is divided by 1/(4/18 + 130/(-666)).
35
Suppose -2*n = -r - 3*n + 2, n - 14 = -5*r. Let b be r - (3 - 2)*-2. Suppose b*x - 42 = 2*x. Calculate the remainder when 26 is divided by x.
12
Suppose 227 = 3*x - w, 2*x - w = -2*x + 303. Calculate the remainder when x is divided by 26.
24
Let f = 19 + 179. Calculate the remainder when f is divided by 50.
48
Let k be -2*(1 + (-42)/4). Let g = -2 + k. Calculate the remainder when g is divided by (-2)/(-3)*3*3.
5
Let x be 2/5*380/4. Suppose f = -2*l + x, 0 = f - 3*f - 8. Calculate the remainder when 41 is divided by l.
20
Let u = 48 - -119. What is the remainder when u is divided by 34?
31
Calculate the remainder when 7/2 - (-2)/(-4) is divided by 2.
1
Suppose 0 = 4*y - 5*p - 30, -4*y + 26 + 16 = p. Let w = 1 + 2. Suppose 0 = 3*q - 8*q - w*g + 8, 3*q = 2*g + 20. What is the remainder when y is divided by q?
2
Suppose 2*y + 2*x - 34 = 20, -4*y + 2*x + 120 = 0. Let z = 48 - y. What is the remainder when z is divided by 5?
4
Let y be 6/12 + 14/(-4). Calculate the remainder when (-2)/y*(-105)/(-10) is divided by 3.
1
Suppose -3*q = -72 - 60. What is the remainder when q is divided by 9?
8
Let t(x) = -x**3 - 3*x + 1 - 5*x**2 - x + 3*x + 4*x. Calculate the remainder when t(-6) is divided by 11.
8
Suppose 0*a + 5*a - 20 = 0. Let u(o) = 1 + 0*o - o + 8*o. Calculate the remainder when u(a) is divided by 10.
9
Suppose -4*w = 2*w - 54. Let x(d) = d**3 - d**2 - 4*d - 1. What is the remainder when w is divided by x(3)?
4
Let l(n) = -n + 17. What is the remainder when l(-10) is divided by 10?
7
Let t = -189 + 287. Calculate the remainder when t is divided by 20.
18
Let y be 18*-5*(-2)/15. Let v be ((-50)/(-6))/((-1)/(-3)). Let m = v - y. Calculate the remainder when 37 is divided by m.
11
Let o(s) = s**3 + 4*s**2 - 6*s - 7. Let t be o(-6). Suppose -5*u + 0*u + 5 = 0, 2*u - 157 = 5*i. Let p = i - t. What is the remainder when p is divided by 7?
5
Let u = -28 + 20. Calculate the remainder when 10 is divided by u/(-40) + 38/10.
2
Let c = 60 + -42. Let a(i) = i**3 + 20*i**2 - 23*i - 32. What is the remainder when c is divided by a(-21)?
8
Let b = 31 - 16. Calculate the remainder when 43 is divided by b.
13
Let i(w) = 2*w + 6. Calculate the remainder when i(5) is divided by (-30)/12*70/(-25) + 2.
7
What is the remainder when 53 is divided by (1/5*3)/((-1)/(-15))?
8
Let t = -23 - -32. Let w be 2/(1/2*1). Let f = t + w. Calculate the remainder when 25 is divided by f.
12
Suppose -5*y - l + 120 = 4*l, -44 = -y + 3*l. What is the remainder when y is divided by 5?
4
Let o = 59 + -43. What is the remainder when o is divided by 10?
6
Let r = -4 + 58. Suppose 0*l + 41 = l. Suppose 0 = -5*d + l + r. Calculate the remainder when 55 is divided by d.
17
Let q(c) = -c**3 - 33*c**2 + 32*c - 16. Calculate the remainder when q(-34) is divided by 6.
4
Let r be (-16)/(-3) + (-7)/21. Suppose -4 = 3*h + h. Let f = r + h. What is the remainder when f is divided by 2?
0
Suppose -4 - 6 = -2*u. Suppose 0 = 2*d - 3*b, -b = -4*d - 3*b. Suppose u*g - g = a, d = 4*a + 3*g - 57. What is the remainder when 46 is divided by a?
10
Suppose 5*n + 0 = -5. Suppose 0 = 3*k - 4*k + 14. What is the remainder when 37 + n/((-5)/10) is divided by k?
11
Suppose 35 = 3*h + 11. Suppose 9 = l - 6. Calculate the remainder when l is divided by h.
7
Let g = -9 - -11. Suppose 0 = -5*w + 3 + g. Let m(i) = 3*i**2 - 1. Calculate the remainder when 7 is divided by m(w).
1
What is the remainder when (-3 + -2 + 26)*1 is divided by 12?
9
Let z be 4/6 - (-10)/3. Suppose -2 + 0 = -o. Calculate the remainder when z/14 + 48/28 is divided by o.
0
Let h be 90/21 - (-4)/(-14). Let f = h + -3. What is the remainder when (f/(-2))/(4/(-424)) is divided by 14?
11
Suppose 6*l = 7*l + 8. Let v = 12 + l. Calculate the remainder when v is divided by 2.
0
Suppose -7*g + 916 + 302 = 0. What is the remainder when g is divided by 35?
34
Let s = 15 + -1. What is the remainder when 54 is divided by s?
12
Suppose 104 - 4 = 5*t. Let x = t - 14. What is the remainder when 17 is divided by x?
5
Let n(i) = i + 14. What is the remainder when n(5) is divided by 7?
5
What is the remainder when 9/3 - -2*(-13)/(-1) is divided by 10?
9
Let p = 2 + 21. Calculate the remainder when p is divided by (18/4 + 2)*2.
10
Suppose 0*c - 5*c + 125 = 0. Let g be ((-162)/45)/((-4)/10). Suppose -g = 2*z - 27. Calculate the remainder when c is divided by z.
7
Let p(l) = -l**2 - 14*l - 10. Let a = -1 - -4. Suppose -3*z + 8 = 4*w, a*w - 6*w + 2*z = -23. What is the remainder when p(-12) is divided by w?
4
Let a = -1 - -3. Suppose -u - 17 = a. Let r = 56 + u. What is the remainder when r is divided by 19?
18
Suppose -2*o - 16 = 2*o, -2*o - 169 = -d. Let y = d - 283. What is the remainder when (-2)/(-7) + y/(-14) is divided by 5?
4
Let m be 4/(-16) - (-450)/8. Let d = m - 33. Calculate the remainder when d is divided by 8.
7
Let w be 2 + 18/2 + -2. Let z = w + -5. Calculate the remainder when 3/((-5)/((-70)/6)) is divided by z.
3
Suppose 0 = 3*s + 4*b + 3 - 8, -s + 8 = -5*b. Let z(h) = 2*h + 1. Let o be z(-3). Let k = o - -7. Calculate the remainder when s is divided by k.
1
Suppose 7*v = 43 + 20. Calculate the remainder when 26 is divided by v.
8
Suppose 0*f = t + 4*f + 10, -2*t = 5*f + 11. Suppose q + 4*p = 27, t*q = p + p + 14. What is the remainder when q is divided by 4?
3
Let s = 1 + 3. Calculate the remainder when 11 is divided by s.
3
Let t(p) = p**2 + p + 2. Let o be t(2). Let n = o + -2. What is the remainder when 10 is divided by n?
4
Let b = 113 - 68. What is the remainder when b is divided by 23?
22
Let p(q) = -3*q**3 + q + 1. Let v be p(-1). Suppose 78 - 3 = v*y. Let a = y - 12. What is the remainder when 38 is divided by a?
12
Let k = -20 + 18. Let u(f) = 5*f**2 + 4*f. What is the remainder when 33 is divided by u(k)?
9
Let n(r) = r**3 - r. Let h(s) = -6*s**3 + 9*s + 4. Suppose 0 = -5*m + 25. Let y(i) = m*n(i) + h(i). Calculate the remainder when 36 is divided by y(-3).
17
Let q = 22 + -8. Let k(w) = 2*w**3 - 6*w**3 + 3*w**3 + 9*w**2 - 3*w. What is the remainder when k(8) is divided by q?
12
What is the remainder when 39 is divided by (-21)/(-2) - ((-10)/(-4) + -2)?
9
Suppose -l = -4*l + 33. What is the remainder when 41 is divided by l?
8
Suppose 2*f + 25 = -5*z + 2, f - z = 6. Suppose -2*d = -k - 3, -2*d - 5*k - 4 = -f. What is the remainder when (-1 + 0)*-11*d is divided by 6?
5
Let n(s) = -2*s**2 - 6*s**3 - s + s - s. Let v be n(-1). Suppose v*t - 36 - 79 = 0. What is the remainder when t is divided by 12?
11
Suppose -5 = -k - 5*n - 27, 5*k + 4*n = -5. Suppose -k*f = -4*p - 0*f + 178, -4*p - 2*f = -168. Calculate the remainder when p is divided by 11.
10
What is the remainder when (-3)/4 + (-2270)/(-40) is divided by 12?
8
Let p(u